{"id":57,"date":"2022-01-28T01:16:33","date_gmt":"2022-01-28T00:16:33","guid":{"rendered":"https:\/\/lara.vcd.org\/stuttgart\/?page_id=57"},"modified":"2023-09-07T20:44:06","modified_gmt":"2023-09-07T18:44:06","slug":"willkommen-auf-unserer-buchungsplattform","status":"publish","type":"page","link":"https:\/\/lara.vcd.org\/stuttgart\/","title":{"rendered":"Willkommen auf der Archivseite unserer Buchungsplattform"},"content":{"rendered":"\n<p>Ende August 2023 beenden wir dieses Angebot und weisen auf <a href=\"https:\/\/lara.vcd.org\/stuttgart\/weitere-lastenraeder-in-stuttgart\/\" data-type=\"page\" data-id=\"311\">andere Dienste in Stuttgart hin<\/a><\/p>\n\n\n\n<p>Wir bedanken uns bei allen Interessierten, die den Service genutzt haben, auch f\u00fcr das Feedback und hoffen, dass wir ein wenig die Kultur von Lastenr\u00e4dern aufzeigen konnten.<\/p>\n\n\n\n<p>F\u00fcr R\u00fcckmeldungen sind wir sehr dankbar, schreiben Sie uns an lara(at)vcd-stuttgart.de<\/p>\n\n\n\n<figure class=\"wp-block-image size-full\"><img loading=\"lazy\" decoding=\"async\" width=\"900\" height=\"564\" src=\"https:\/\/lara.vcd.org\/stuttgart\/wp-content\/uploads\/sites\/2\/2022\/02\/LaraStgtSchloss_900.jpg\" alt=\"\" class=\"wp-image-248\" srcset=\"https:\/\/lara.vcd.org\/stuttgart\/wp-content\/uploads\/sites\/2\/2022\/02\/LaraStgtSchloss_900.jpg 900w, https:\/\/lara.vcd.org\/stuttgart\/wp-content\/uploads\/sites\/2\/2022\/02\/LaraStgtSchloss_900-300x188.jpg 300w, https:\/\/lara.vcd.org\/stuttgart\/wp-content\/uploads\/sites\/2\/2022\/02\/LaraStgtSchloss_900-768x481.jpg 768w, https:\/\/lara.vcd.org\/stuttgart\/wp-content\/uploads\/sites\/2\/2022\/02\/LaraStgtSchloss_900-60x38.jpg 60w, https:\/\/lara.vcd.org\/stuttgart\/wp-content\/uploads\/sites\/2\/2022\/02\/LaraStgtSchloss_900-100x63.jpg 100w\" sizes=\"(max-width: 900px) 100vw, 900px\" \/><\/figure>\n\n\n\n<p><\/p>\n\n\n\n<p>An zwei <a href=\"https:\/\/lara.vcd.org\/stuttgart\/standorte\/\" data-type=\"page\" data-id=\"88\">Standorten<\/a> konnte ein <a href=\"https:\/\/lara.vcd.org\/stuttgart\/lara-stuttgart\/\" data-type=\"page\" data-id=\"2\">Lastenrad<\/a> kostenlos ausgeliehen werden. <\/p>\n\n\n\n<p>Das Projekt wurde m\u00f6glich durch eine Kooperation der Partner <a rel=\"noreferrer noopener\" href=\"https:\/\/www.alnatura.de\" target=\"_blank\">Alnatura<\/a>, <a rel=\"noreferrer noopener\" href=\"https:\/\/r-m.de\" target=\"_blank\">Riese und M\u00fcller<\/a> und dem <a rel=\"noreferrer noopener\" href=\"https:\/\/www.vcd-stuttgart.de\" target=\"_blank\">VCD Kreisverband Stuttgart e.V.<\/a><\/p>\n\n\n\n<p>Wir danken f\u00fcr das Vertrauen,<\/p>\n\n\n\n<p>Ihr LaRa Team<\/p>\n","protected":false},"excerpt":{"rendered":"<p>Ende August 2023 beenden wir dieses Angebot und weisen auf andere Dienste in Stuttgart hin Wir bedanken uns bei allen Interessierten, die den Service genutzt haben, auch f\u00fcr das Feedback und hoffen, dass wir ein wenig die Kultur von Lastenr\u00e4dern aufzeigen konnten. F\u00fcr R\u00fcckmeldungen sind wir sehr dankbar, schreiben Sie uns an lara(at)vcd-stuttgart.de An zwei&hellip;&nbsp;<a href=\"https:\/\/lara.vcd.org\/stuttgart\/\" class=\"\" rel=\"bookmark\">Weiterlesen &raquo;<span class=\"screen-reader-text\">Willkommen auf der Archivseite unserer Buchungsplattform<\/span><\/a><\/p>\n","protected":false},"author":1,"featured_media":248,"parent":0,"menu_order":0,"comment_status":"closed","ping_status":"closed","template":"","meta":{"neve_meta_sidebar":"","neve_meta_container":"","neve_meta_enable_content_width":"","neve_meta_content_width":0,"neve_meta_title_alignment":"","neve_meta_author_avatar":"","neve_post_elements_order":"","neve_meta_disable_header":"","neve_meta_disable_footer":"","neve_meta_disable_title":"","footnotes":""},"_links":{"self":[{"href":"https:\/\/lara.vcd.org\/stuttgart\/wp-json\/wp\/v2\/pages\/57"}],"collection":[{"href":"https:\/\/lara.vcd.org\/stuttgart\/wp-json\/wp\/v2\/pages"}],"about":[{"href":"https:\/\/lara.vcd.org\/stuttgart\/wp-json\/wp\/v2\/types\/page"}],"author":[{"embeddable":true,"href":"https:\/\/lara.vcd.org\/stuttgart\/wp-json\/wp\/v2\/users\/1"}],"replies":[{"embeddable":true,"href":"https:\/\/lara.vcd.org\/stuttgart\/wp-json\/wp\/v2\/comments?post=57"}],"version-history":[{"count":28,"href":"https:\/\/lara.vcd.org\/stuttgart\/wp-json\/wp\/v2\/pages\/57\/revisions"}],"predecessor-version":[{"id":1176,"href":"https:\/\/lara.vcd.org\/stuttgart\/wp-json\/wp\/v2\/pages\/57\/revisions\/1176"}],"wp:featuredmedia":[{"embeddable":true,"href":"https:\/\/lara.vcd.org\/stuttgart\/wp-json\/wp\/v2\/media\/248"}],"wp:attachment":[{"href":"https:\/\/lara.vcd.org\/stuttgart\/wp-json\/wp\/v2\/media?parent=57"}],"curies":[{"name":"wp","href":"https:\/\/api.w.org\/{rel}","templated":true}]}}

<p>Ende August 2023 beenden wir dieses Angebot und weisen auf <a href="https://lara.vcd.org/stuttgart/weitere-lastenraeder-in-stuttgart/" data-type="page" data-id="311">andere Dienste in Stuttgart hin</a></p>



<p>Wir bedanken uns bei allen Interessierten, die den Service genutzt haben, auch für das Feedback und hoffen, dass wir ein wenig die Kultur von Lastenrädern aufzeigen konnten.</p>



<p>Für Rückmeldungen sind wir sehr dankbar, schreiben Sie uns an lara(at)vcd-stuttgart.de</p>



<figure class="wp-block-image size-full"><img loading="lazy" decoding="async" width="900" height="564" src="https://lara.vcd.org/stuttgart/wp-content/uploads/sites/2/2022/02/LaraStgtSchloss_900.jpg" alt="" class="wp-image-248" srcset="https://lara.vcd.org/stuttgart/wp-content/uploads/sites/2/2022/02/LaraStgtSchloss_900.jpg 900w, https://lara.vcd.org/stuttgart/wp-content/uploads/sites/2/2022/02/LaraStgtSchloss_900-300x188.jpg 300w, https://lara.vcd.org/stuttgart/wp-content/uploads/sites/2/2022/02/LaraStgtSchloss_900-768x481.jpg 768w, https://lara.vcd.org/stuttgart/wp-content/uploads/sites/2/2022/02/LaraStgtSchloss_900-60x38.jpg 60w, https://lara.vcd.org/stuttgart/wp-content/uploads/sites/2/2022/02/LaraStgtSchloss_900-100x63.jpg 100w" sizes="(max-width: 900px) 100vw, 900px" /></figure>



<p></p>



<p>An zwei <a href="https://lara.vcd.org/stuttgart/standorte/" data-type="page" data-id="88">Standorten</a> konnte ein <a href="https://lara.vcd.org/stuttgart/lara-stuttgart/" data-type="page" data-id="2">Lastenrad</a> kostenlos ausgeliehen werden. </p>



<p>Das Projekt wurde möglich durch eine Kooperation der Partner <a rel="noreferrer noopener" href="https://www.alnatura.de" target="_blank">Alnatura</a>, <a rel="noreferrer noopener" href="https://r-m.de" target="_blank">Riese und Müller</a> und dem <a rel="noreferrer noopener" href="https://www.vcd-stuttgart.de" target="_blank">VCD Kreisverband Stuttgart e.V.</a></p>



<p>Wir danken für das Vertrauen,</p>



<p>Ihr LaRa Team</p>

<p>Ende August 2023 beenden wir dieses Angebot und weisen auf andere Dienste in Stuttgart hin Wir bedanken uns bei allen Interessierten, die den Service genutzt haben, auch für das Feedback und hoffen, dass wir ein wenig die Kultur von Lastenrädern aufzeigen konnten. Für Rückmeldungen sind wir sehr dankbar, schreiben Sie uns an lara(at)vcd-stuttgart.de An zwei&hellip;&nbsp;<a href="https://lara.vcd.org/stuttgart/" class="" rel="bookmark">Weiterlesen &raquo;<span class="screen-reader-text">Willkommen auf der Archivseite unserer Buchungsplattform</span></a></p>
